{"id":62,"date":"2013-10-18T12:04:28","date_gmt":"2013-10-18T17:04:28","guid":{"rendered":"http:\/\/atmedios.com\/pantallaaccesible\/?page_id=62"},"modified":"2014-01-31T18:48:47","modified_gmt":"2014-01-31T23:48:47","slug":"acerca-de-pantalla-accesible","status":"publish","type":"page","link":"https:\/\/atmedios.com\/pantallaaccesible\/acerca-de-pantalla-accesible\/","title":{"rendered":"Acerca de Pantalla Accesible"},"content":{"rendered":"<p style=\"text-align: justify;\"><span style=\"text-align: justify;\"><img decoding=\"async\" loading=\"lazy\" class=\"attachment-266x266\" style=\"line-height: 1.5em;\" alt=\"Logo ATmedios\" src=\"http:\/\/atmedios.com\/pantallaaccesible\/wp-content\/uploads\/2013\/10\/266x266xPerfil-facebook-copia-300x300.jpg.pagespeed.ic.X65iDKH-c2.jpg\" width=\"266\" height=\"266\" \/><\/span><\/p>\n<p style=\"text-align: justify;\"><span style=\"text-align: justify;\">En <a title=\"Acerca de ATmedios\" href=\"http:\/\/atmedios.com\/pantallaaccesible\/acerca-de-atmedios\/\">ATmedios<\/a> consideramos muy importante la comunicaci\u00f3n con nuestros clientes, pero busc\u00e1bamos ir m\u00e1s all\u00e1 y generar interacci\u00f3n con los usuarios finales de nuestros servicios: personas ciegas y sordas, hablantes de otros idiomas, espectadores del cine, televidentes&#8230; y todos quienes se benefician de lo que hacemos con tanta pasi\u00f3n en el d\u00eda a d\u00eda de nuestras oficinas, estudios de grabaci\u00f3n, y mesas de trabajo.<\/span><\/p>\n<p style=\"text-align: justify;\">Pensamos entonces en generar contenido, en conformar un grupo que escriba acerca de tendencias, actualidad y sus propias apreciaciones acerca de todo lo relacionado con la accesibilidad, la televisi\u00f3n, el cine, \u00a0etc.<\/p>\n<p style=\"text-align: justify;\">\u00a1Bienvenidos a nuestro blog Pantalla accesible! Esperamos que lo encuentren interesante y nos compartan sus opiniones.<\/p>\n<p style=\"text-align: justify;\"><a title=\"7 usos del caption\" href=\"http:\/\/atmedios.com\/pantallaaccesible\/7-usos-del-caption\/\">La m\u00e1s reciente entrada: 7 usos del caption<\/a><\/p>\n","protected":false},"excerpt":{"rendered":"<p>En ATmedios consideramos muy importante la comunicaci\u00f3n con nuestros clientes, pero busc\u00e1bamos ir m\u00e1s all\u00e1 y generar interacci\u00f3n con los usuarios finales de nuestros servicios: personas ciegas y sordas, hablantes de otros idiomas, espectadores del cine, televidentes&#8230; y todos quienes se benefician de lo que hacemos con tanta pasi\u00f3n en el d\u00eda a d\u00eda de [&hellip;]<\/p>\n","protected":false},"author":1,"featured_media":55,"parent":0,"menu_order":0,"comment_status":"open","ping_status":"open","template":"","meta":{"footnotes":""},"_links":{"self":[{"href":"https:\/\/atmedios.com\/pantallaaccesible\/wp-json\/wp\/v2\/pages\/62"}],"collection":[{"href":"https:\/\/atmedios.com\/pantallaaccesible\/wp-json\/wp\/v2\/pages"}],"about":[{"href":"https:\/\/atmedios.com\/pantallaaccesible\/wp-json\/wp\/v2\/types\/page"}],"author":[{"embeddable":true,"href":"https:\/\/atmedios.com\/pantallaaccesible\/wp-json\/wp\/v2\/users\/1"}],"replies":[{"embeddable":true,"href":"https:\/\/atmedios.com\/pantallaaccesible\/wp-json\/wp\/v2\/comments?post=62"}],"version-history":[{"count":8,"href":"https:\/\/atmedios.com\/pantallaaccesible\/wp-json\/wp\/v2\/pages\/62\/revisions"}],"predecessor-version":[{"id":135,"href":"https:\/\/atmedios.com\/pantallaaccesible\/wp-json\/wp\/v2\/pages\/62\/revisions\/135"}],"wp:featuredmedia":[{"embeddable":true,"href":"https:\/\/atmedios.com\/pantallaaccesible\/wp-json\/wp\/v2\/media\/55"}],"wp:attachment":[{"href":"https:\/\/atmedios.com\/pantallaaccesible\/wp-json\/wp\/v2\/media?parent=62"}],"curies":[{"name":"wp","href":"https:\/\/api.w.org\/{rel}","templated":true}]}}